ose p = 4*h - 2 + 5, 0 = -n*h + 4*p. Calculate s(h).
4
Suppose -15 = -u + 5*y, 4*y - 17 = -5*u - 0*y. Let m(x) = -x - 9 + u*x - 5*x. Give m(-4).
-5
Let c(u) = -7*u**2 - u + 1. Let m be (12/8)/((-3)/(-2)). Calculate c(m).
-7
Let t(f) be the third derivative of f**4/24 - 2*f**3/3 + 5*f**2. Determine t(3).
-1
Let l(w) = w**2 - 7*w - 13. Let o be l(8). Let n = -4 + 8. Let q(b) = b + 0 + n + 1. Give q(o).
0
Let y(h) = -h**3 + 8*h**2 + 9*h + 1. Suppose 19 = 3*g + 2*r, -2*g + 3*r + 30 = -0*r. Calculate y(g).
1
Let t(y) = y**3 - 3*y**2 + 3*y. Let u be t(2). Let r(d) = -3*d + 5 + 5*d**u + d + 1 - 1 - d**3. Calculate r(5).
-5
Let t(h) = -h**2 + 9*h - 8. Let q be t(7). Suppose -2*a + q*a = 0. Let b(g) = -g**2 + g + 2. Give b(a).
2
Suppose -1 - 5 = -3*s. Suppose w + 4*o - s = 0, -5*o = 2*w - w - 2. Let b(k) = -w*k + k + 3 + 3*k - 3*k. Give b(4).
-1
Suppose -r = 3*r + 20. Let k(l) be the second derivative of -l**4/12 - l**3/3 + 2*l**2 + 2*l. Give k(r).
-11
Suppose 12*f - 3 = 9*f. Let v(i) = 14*i - 1. What is v(f)?
13
Let p(c) = -c**3 + 2*c**2 + 4*c + 8. Let j(x) = -x**2 - x. Let b(t) = t**2 + 4*t + 1. Let v be b(-2). Let k(h) = v*j(h) - p(h). Determine k(0).
-8
Let o(h) = -h**3 - 4*h**2 + 2. Let s be o(-4). Suppose -s*r + 1 = -7. Let x(a) = -2*a + 5. What is x(r)?
-3
Let w(m) = m + 10. Suppose 57 = -f - 27. Let h be ((-1)/3)/((-4)/f). Determine w(h).
3
Let d(g) be the second derivative of -g**4/12 - 5*g**3/6 - 2*g**2 - 8*g. Let t(a) = -2*a + 3. Let l = 6 + -3. Let i be t(l). Give d(i).
2
Let v(u) = -u**3 - 4*u**2 - 2*u + 3. Let q = 3 - 5. Let i be (2/(-1) - -1) + q. What is v(i)?
0
Let t(k) = -2*k**3 - 3*k**2 + k - 13. Let w(n) = n**3 + n**2 - n + 6. Let c(g) = -6*t(g) - 13*w(g). Let d(i) = -i**2 + 7*i + 6. Let l be d(7). Determine c(l).
6
Suppose 3*u - 36 = -15. Let f(h) be the first derivative of 1/3*h**3 + 1 - 2*h**2 - u*h. Give f(5).
-2
Let x(a) be the second derivative of a**5/20 + 5*a**4/12 + a**3/2 - a**2/2 + 2*a. Let j = 5 - 9. Calculate x(j).
3
Let t(m) = m - 2*m - 6*m**2 - 2*m**2 - 1 + 0. Let l be (-8)/36 + (-14)/18. Give t(l).
-8
Let p(q) = -q**2 - 8*q - 4. Let l(a) = a**2 + 12*a - 5. Let o be l(-12). What is p(o)?
11
Let c(a) be the first derivative of -a**3/6 + 3*a - 2. Let h(z) be the first derivative of c(z). What is h(-5)?
5
Let g(j) = j**3 - j - 2. Let o be g(2). Suppose -o*i = -4 - 0. Let y be 2*-1 - (i + -2). Let n(p) = 6*p**3 + p**2 + p. What is n(y)?
-6
Let z(s) be the second derivative of 0*s**2 + 0*s**5 + 1/720*s**6 + 0*s**3 - 1/12*s**4 - s + 0. Let d(q) be the third derivative of z(q). Calculate d(1).
1
Let y be 10*(-1)/4*-2. Let m be 2/y - 18/(-30). Let t(u) = -11*u**3 - 1. Calculate t(m).
-12
Let t(x) = x**2 + 3*x - 3. Let n(v) = -v**3 - 4*v**2 + 4. Let i be n(-3). Calculate t(i).
7
Let q(g) = -3*g - 2. Suppose -20 = s - 2*w - 2*w, s - 3*w + 17 = 0. Suppose 0 = l - 7 + 2. Let k = s + l. What is q(k)?
7
Let c(s) be the third derivative of -s**5/30 - 5*s**4/24 + 2*s**3/3 - 26*s**2. What is c(-4)?
-8
Suppose -1137 + 1167 = 6*w. Let y(l) = -l**2 - l. Let k(g) = -5*g**2 - 11*g - 5. Let s(u) = -k(u) + 6*y(u). Calculate s(w).
5
Let u(k) = 4*k - 2. Suppose -j + 13 = 5*m, -4*j = -3*m + 1 - 7. Give u(j).
10
Let z(k) = 2*k - 7*k - 39 - 2*k**2 + 3*k**2 + 37. Calculate z(4).
-6
Let w(x) = 2*x + 0*x**2 - 5 + 7*x - 2*x**2 - 4*x. Calculate w(4).
-17
Let a(m) = m**2 - 5*m + 2. Suppose 1 = 3*j - 11. Suppose -1 = h - j. Determine a(h).
-4
Let w(y) = -5*y. Let l(t) = -3*t - 1. Let c(u) = -3*l(u) + 2*w(u). Suppose -h + 3*q + 6 = 0, 4*q + 12 - 4 = -4*h. Suppose -3 + h = -m. Determine c(m).
0
Let a(x) = -x**2 + 7*x - 4. Let y = 9 - 7. Suppose -r - 2*q = -7, y*r - 5*q - 6 = -q. Suppose -r*c + 4*c - 5*g + 30 = 0, -5*g = -c - 20. What is a(c)?
6
Let a(r) = 0*r + 209 - 3*r**2 - 4*r + 5*r**2 - 206 - r**3. Give a(2).
-5
Let t(q) = 13*q**2 + 33*q + 3. Let u(s) = 3*s**2 + 8*s + 1. Let g = -2 - 0. Let z(n) = g*t(n) + 9*u(n). Calculate z(-4).
-5
Let x(l) = l**3 - 11*l**2 + 9*l + 10. Suppose -5*v = 0, 0 = -j + 5*v + 5 + 5. Calculate x(j).
0
Let t(z) = -z + 11. Suppose -3*f + l + 18 = 0, 0 = f - l + 3 - 9. Let y be t(f). Suppose 3*n + y = s - 5, 24 = -2*n + 5*s. Let m(a) = a**2 + a + 1. Give m(n).
3
Suppose -2 = -2*z + 4*t + 4, -z + 3 = -5*t. Let s(q) be the second derivative of -q**2 - z*q + 0 + 1/6*q**3. Give s(-5).
-7
Let x(u) = u**2 + 6*u + 6. Suppose 130 = 3*w + 5*q + 51, -2*w - 5*q + 61 = 0. Suppose 7*a = 4*a - w. Calculate x(a).
6
Suppose 4*f - 4*p + 11 = -9, 4*f = 3*p - 18. Let c = f + 5. Let z(o) be the first derivative of -o**3 + o**2 + o - 46. Give z(c).
-7
Let l = 8 + 2. Suppose 2*c - l = 2. Let i(b) = b**2 - 5*b - 8. Give i(c).
-2
Suppose 4*a = -4*x + 12, 0 = -0*a + 4*a - 5*x + 24. Suppose 5*t - 2*t - 6 = -2*u, -t + 2 = u. Let y(s) = 5*s**3 - 3*s**2 + 3*s**t - 2*s + s - 1. Give y(a).
-5
Let x(i) be the first derivative of 2*i**3/3 + 3*i**2/2 + 2*i + 1. Suppose 0 = -0*d + 4*d. Suppose 5*t - 2*t + 6 = d. Calculate x(t).
4
Let a(n) be the first derivative of n**2/2 - 11*n - 36. Determine a(8).
-3
Let w = 2 - 5. Let m(l) be the second derivative of l**3/3 - 2*l**2 + 19*l. Calculate m(w).
-10
Let d(r) = -2*r - 6. Let x(z) = 3*z + 7. Let n(f) = 6*d(f) + 5*x(f). Determine n(2).
5
Let u(h) = -5 - 17 + h + 36. Give u(-7).
7
Let u = 141 + -131. Let g(n) = n**3 - 10*n**2 - 4. Give g(u).
-4
Let j(x) be the third derivative of -x**6/120 + x**5/30 - x**4/6 + x**3/3 + 3*x**2. Let p(b) = b**3 - 12*b**2 - 13*b + 2. Let c be p(13). Give j(c).
-6
Let c(z) be the first derivative of -2*z - 3/2*z**2 - 3 - z**3. Give c(-2).
-8
Suppose k = 2*w + 2, 0 = -0*w + 5*w - 3*k + 4. Let o(x) = x**2 + x + 2. Calculate o(w).
4
Let a(f) = f**3 - 5*f**2 + 6. Let o = -6 - -8. Suppose -20 = -2*s + 2*n, o*s + 25 = 6*s - n. Determine a(s).
6
Suppose 0 = 3*l + 2*z + 2*z + 7, -3*z - 9 = l. Let x(r) be the first derivative of 3*r**l - r - 1 + 1/2*r**2. Determine x(1).
9
Let x(s) be the second derivative of s**5/20 + 7*s**4/12 + 2*s**3/3 - 7*s**2/2 + 4*s. What is x(-6)?
5
Suppose -5*l - 2*i = 43, -l + i + 3*i = -9. Let v(x) = x + 8. Let r be v(l). Let b(y) = 8*y**2. Calculate b(r).
8
Let j(c) = -2*c - 1. Let n = 1 + 4. Suppose -3*r - 2*r + g = -n, 0 = 3*r - g - 1. Suppose -a = -0*a - r. Calculate j(a).
-5
Suppose -c + 3 = -3. Suppose c = -3*u - 0*u. Let z(y) = -3*y - 3. Determine z(u).
3
Let w = 6 + -4. Suppose 3*g + w*n = 15, -2*g = -7*g + 2*n + 9. Suppose 0 = g*u + 2*u. Let i(r) = r - 8. Determine i(u).
-8
Suppose -18 - 18 = -6*v. Let i(f) = -f + 1. What is i(v)?
-5
Let i(t) be the third derivative of t**6/120 - t**5/15 - t**4/24 + t**3/3 - 8*t**2. Calculate i(3).
-10
Let f(s) = s**2 - s + 25. Let v be f(0). Suppose -v = -5*w - 10. Suppose -2*a - 3 = w. Let m(p) = -p**2 - 3*p + 2. Give m(a).
2
Let a(s) = s**2 - 16. Let r be a(3). Let y(j) = -j + 7. Determine y(r).
14
Let y(v) = -7*v**3 - v**2 + v - 1. Suppose -t - 3*x = -11 + 5, 3*x - 6 = 0. Suppose t = 3*d - 3. Give y(d).
-8
Let q(k) = 2*k - 2. Suppose 4*s = -2*l + 8, 3*s = 3*l + 2*l - 20. Calculate q(l).
6
Suppose 2 = 5*z - 3. Let y(q) = 2*q - q**2 + 2*q**2 + 1 - 3*q. Give y(z).
1
Let v(l) = 3*l**2 + 12*l - 10. Let r be v(-5). Let z(m) be the second derivative of -m**3/3 + 5*m**2/2 - 2*m. Give z(r).
-5
Suppose -24*c = -28*c - 8. Let d(j) = -15*j. Give d(c).
30
Suppose -1 = -5*i - 16. Let w(f) = -5*f - 3. What is w(i)?
12
Let d(u) = u**2 - 5*u + 3. Suppose -3*q - 6 = -15. What is d(q)?
-3
Suppose -2*z = 2*z + 24. Let q(y) = y**3 + 7*y**2 + 7*y - 5. Give q(z).
-11
Let n(u) = -9*u - 2. Let s(d) = -5*d - 1. Let l(i) = 4*n(i) - 7*s(i). What is l(8)?
-9
Let u(x) = x**2 + 11*x + 7. Let t be ((-3)/4)/(8/96). What is u(t)?
-11
Let r(s) = 2*s + 2. Let o(t) = -t - 1. Let a(u) = -4*o(u) - 3*r(u). Suppose -13 = -4*v - 5*b, 3*v - 7*v = -3*b - 5. Determine a(v).
-6
Let w(t) = -t**3 - 5*t**2 - 5*t - 5. Suppose 0 = -2*u - 0*a + 2*a + 52, -5*u - 5*a = -160. Suppose -5*k + u = -z, -3*k + 8*k = 25. What is w(z)?
-1
Suppose b - 6 = -0*b. Suppose n + 4*i = 24, b = -3*n + 4*i - 2. Let m(g) = 2*g - 1 - 3*g**2 + g**3 + 0*g + 3*g - n*g. What is m(2)?
-3
Let c(b) = b**3 + b**2 + 2. Let h be 17/6 + 4/24. Suppose h*v - 1 = 5. Determine c(v).
14
Suppose -3*s + 1 = -z, -2*z = 3*z + 2*s + 5. Let i be 1 + 1 - 13/z. Suppose 3*r - i = -2*r, 4*y - 3*r = 11. Let w(g) = g**